8871
What are the prime factors of 242522988?
2, 3, 1447, 13967
What are the prime factors of 1153558117?
239, 2053, 2351
List the prime factors of 192780584.
2, 24097573
List the prime factors of 177897330.
2, 3, 5, 13, 50683
What are the prime factors of 4925708?
2, 29, 42463
What are the prime factors of 2618465739?
3, 47, 18570679
What are the prime factors of 25782381?
3, 318301
What are the prime factors of 89305975?
5, 11, 37, 67, 131
List the prime factors of 66195634.
2, 149, 191, 1163
What are the prime factors of 5807611270?
2, 5, 113, 5139479
List the prime factors of 121316466.
2, 3, 20219411
List the prime factors of 1698394859.
7, 67, 73, 113, 439
List the prime factors of 39704957.
3209, 12373
List the prime factors of 665500792.
2, 11, 1973, 3833
What are the prime factors of 5686174?
2, 13, 16823
What are the prime factors of 63246853?
63246853
List the prime factors of 337119883.
337119883
List the prime factors of 87911017.
179, 661, 743
What are the prime factors of 2028813565?
5, 405762713
What are the prime factors of 3412863156?
2, 3, 431, 659873
List the prime factors of 3712260264.
2, 3, 10831, 14281
What are the prime factors of 5100347124?
2, 3, 79, 283, 6337
What are the prime factors of 1014878611?
23, 44125157
List the prime factors of 47303339.
47303339
What are the prime factors of 321122627?
7, 1087, 6029
List the prime factors of 383770423.
383770423
List the prime factors of 1074267889.
61, 17610949
List the prime factors of 58303120.
2, 5, 37, 19697
List the prime factors of 819294271.
47, 461, 37813
List the prime factors of 25148633.
25148633
What are the prime factors of 37282144?
2, 97, 12011
List the prime factors of 3872507242.
2, 1936253621
What are the prime factors of 54334033?
13, 4179541
List the prime factors of 144883876.
2, 36220969
List the prime factors of 40316709.
3, 31, 433513
List the prime factors of 1582353666.
2, 3, 83, 647, 1637
List the prime factors of 279365137.
279365137
List the prime factors of 1812056895.
3, 5, 11, 3660721
List the prime factors of 73916069.
149, 431, 1151
List the prime factors of 35288807.
197, 271, 661
List the prime factors of 328922658.
2, 3, 3727, 4903
List the prime factors of 739257606.
2, 3, 907, 45281
List the prime factors of 1010860536.
2, 3, 7, 6017027
What are the prime factors of 55099761?
3, 18366587
List the prime factors of 202369184.
2, 6324037
List the prime factors of 287835471.
3, 7, 11, 138449
What are the prime factors of 195738287?
181, 773, 1399
What are the prime factors of 1236352988?
2, 13, 233, 102043
What are the prime factors of 177941837?
491, 362407
What are the prime factors of 1269849223?
3863, 328721
List the prime factors of 123647974.
2, 233, 265339
List the prime factors of 71598681.
3, 7, 11, 34439
List the prime factors of 1845371765.
5, 23, 16046711
What are the prime factors of 31215210?
2, 3, 5, 13, 80039
What are the prime factors of 4117036914?
2, 3, 17, 853, 15773
List the prime factors of 157174726.
2, 19, 97, 42641
List the prime factors of 3571319911.
139, 1373, 18713
What are the prime factors of 1772498729?
1772498729
List the prime factors of 100262632.
2, 12532829
List the prime factors of 2160458309.
15073, 143333
What are the prime factors of 190896097?
7, 19, 97, 14797
What are the prime factors of 1849666522?
2, 11, 31, 61, 173, 257
What are the prime factors of 16012171?
7, 326779
What are the prime factors of 421174996?
2, 11, 37, 258707
What are the prime factors of 794719?
23, 109, 317
What are the prime factors of 2526107331?
3, 11, 3929, 19483
What are the prime factors of 103116283?
67, 1539049
What are the prime factors of 83861325?
3, 5, 41413
List the prime factors of 392214144.
2, 3, 7, 79, 1847
List the prime factors of 29755782.
2, 3, 7, 223, 353
What are the prime factors of 281846369?
7, 131, 293, 1049
What are the prime factors of 435767548?
2, 108941887
List the prime factors of 417600504.
2, 3, 31, 223, 839
List the prime factors of 116260580.
2, 5, 619, 9391
What are the prime factors of 2792210948?
2, 23, 1291, 23509
List the prime factors of 31964690.
2, 5, 3196469
What are the prime factors of 414365648?
2, 587, 44119
List the prime factors of 321449631.
3, 113, 271, 3499
What are the prime factors of 1221814507?
9059, 134873
What are the prime factors of 138650551?
13, 10665427
What are the prime factors of 7133067?
3, 792563
What are the prime factors of 645151029?
3, 5557, 38699
What are the prime factors of 39189478?
2, 313, 62603
List the prime factors of 430418222.
2, 13, 16554547
List the prime factors of 936376254.
2, 3, 11, 1576391
What are the prime factors of 385992998?
2, 181, 1066279
What are the prime factors of 142035961?
142035961
List the prime factors of 288452941.
7, 127, 324469
What are the prime factors of 186019522?
2, 13, 7154597
List the prime factors of 168086660.
2, 5, 7, 171517
List the prime factors of 131766015.
3, 5, 8784401
What are the prime factors of 380529972?
2, 3, 17, 643, 967
List the prime factors of 1789643809.
41, 43649849
What are the prime factors of 221197826?
2, 1103, 100271
List the prime factors of 19228199.
1987, 9677
List the prime factors of 2195930672.
2, 13, 10557359
What are the prime factors of 127851854?
2, 13, 839, 5861
What are the prime factors of 5320551?
3, 19, 269, 347
List the prime factors of 657678979.
6089, 108011
What are the prime factors of 131838864?
2, 3, 2746643
What are the prime factors of 96984312?
2, 3, 47, 127, 677
List the prime factors of 298928207.
151, 571, 3467
What are the prime factors of 4104199479?
3, 151, 9060043
List the prime factors of 1494181689.
3, 7, 11, 13, 45233
List the prime factors of 244169131.
149, 1638719
List the prime factors of 48315912.
2, 3, 2013163
What are the prime factors of 267660837?
3, 1567, 18979
List the prime factors of 75822674.
2, 23, 43, 38333
List the prime factors of 32305264.
2, 433, 4663
What are the prime factors of 1264932679?
23, 1663, 33071
List the prime factors of 575536563.
3, 7, 59, 51613
List the prime factors of 679727796.
2, 3, 11, 17, 302909
What are the prime factors of 121881941?
19, 6414839
List the prime factors of 246316249.
246316249
List the prime factors of 4357057288.
2, 21893, 24877
List the prime factors of 64667578.
2, 41, 89, 8861
List the prime factors of 434183920.
2, 5, 349, 15551
List the prime factors of 149296704.
2, 3, 421, 1847
List the prime factors of 149759264.
2, 31, 150967
List the prime factors of 28303684.
2, 7075921
List the prime factors of 6124741369.
23, 11577961
List the prime factors of 95842280.
2, 5, 2396057
What are the prime factors of 1147303368?
2, 3, 15934769
List the prime factors of 36221789.
36221789
List the prime factors of 732168351.
3, 173, 470243
List the prime factors of 7425990394.
2, 71, 97, 443, 1217
List the prime factors of 16048316.
2, 4012079
What are the prime factors of 23872843?
53, 450431
What are the prime factors of 173340558?
2, 3, 23, 293, 1429
List the prime factors of 111370835.
5, 22274167
List the prime factors of 1409974067.
17, 79, 61757
What are the prime factors of 6807412264?
2, 19, 31, 1444697
What are the prime factors of 225770449?
1091, 206939
What are the prime factors of 1353175186?
2, 11, 181, 30893
What are the prime factors of 44137049?
11, 17, 43, 499
List the prime factors of 41174942.
2, 277, 74323
List the prime factors of 1503738562.
2, 751869281
What are the prime factors of 66481294?
2, 11, 947, 3191
What are the prime factors of 1103860866?
2, 3, 307, 599273
List the prime factors of 43161496.
2, 7, 770741
List the prime factors of 436288837.
149, 2928113
List the prime factors of 205163656.
2, 25645457
What are the prime factors of 3507777720?
2, 3, 5, 19, 31, 71, 233
What are the prime factors of 310732095?
3, 5, 20715473
List the prime factors of 277418999.
11, 13, 16033
List the prime factors of 44088038.
2, 17, 41, 31627
What are the prime factors of 86522332?
2, 13, 1663891
List the prime factors of 99376042.
2, 19, 113, 23143
List the prime factors of 315600334.
2, 7, 127, 139, 1277
List the prime factors of 3787641308.
2, 11, 37, 673, 3457
What are the prime factors of 2387036573?
59, 685733
What are the prime factors of 279603693?
3, 31067077
Lis